{"id":1680,"date":"2023-08-01T21:48:38","date_gmt":"2023-08-01T19:48:38","guid":{"rendered":"https:\/\/nfg-sendenhorst.de\/?page_id=1680"},"modified":"2025-10-12T11:37:24","modified_gmt":"2025-10-12T09:37:24","slug":"apfelfest","status":"publish","type":"page","link":"https:\/\/nfg-sendenhorst.de\/?page_id=1680","title":{"rendered":"Apfelfeste"},"content":{"rendered":"\n<p><strong>Apfelfest 2026 findet am 26. September 2026 statt<\/strong><br><br><strong>Apfelfest 2025<\/strong> <br>Es war wunderbar, sogar das Wetter hatte mitgespielt!<\/p>\n\n\n\n<figure class=\"wp-block-image size-large\"><img loading=\"lazy\" decoding=\"async\" width=\"1024\" height=\"681\" src=\"https:\/\/nfg-sendenhorst.de\/wp-content\/uploads\/2025\/10\/DSC_5284-1024x681.jpeg\" alt=\"\" class=\"wp-image-2491\" srcset=\"https:\/\/nfg-sendenhorst.de\/wp-content\/uploads\/2025\/10\/DSC_5284-1024x681.jpeg 1024w, https:\/\/nfg-sendenhorst.de\/wp-content\/uploads\/2025\/10\/DSC_5284-300x199.jpeg 300w, https:\/\/nfg-sendenhorst.de\/wp-content\/uploads\/2025\/10\/DSC_5284-768x511.jpeg 768w, https:\/\/nfg-sendenhorst.de\/wp-content\/uploads\/2025\/10\/DSC_5284.jpeg 1280w\" sizes=\"auto, (max-width: 706px) 89vw, (max-width: 767px) 82vw, 740px\" \/><\/figure>\n\n\n\n<div class=\"wp-block-columns is-layout-flex wp-container-core-columns-is-layout-28f84493 wp-block-columns-is-layout-flex\">\n<div class=\"wp-block-column is-layout-flow wp-block-column-is-layout-flow\" style=\"flex-basis:100%\">\n<figure class=\"wp-block-image size-large\"><img loading=\"lazy\" decoding=\"async\" width=\"681\" height=\"1024\" src=\"https:\/\/nfg-sendenhorst.de\/wp-content\/uploads\/2025\/10\/DSC_5308-681x1024.jpeg\" alt=\"\" class=\"wp-image-2492\" srcset=\"https:\/\/nfg-sendenhorst.de\/wp-content\/uploads\/2025\/10\/DSC_5308-681x1024.jpeg 681w, https:\/\/nfg-sendenhorst.de\/wp-content\/uploads\/2025\/10\/DSC_5308-199x300.jpeg 199w, https:\/\/nfg-sendenhorst.de\/wp-content\/uploads\/2025\/10\/DSC_5308-768x1155.jpeg 768w, https:\/\/nfg-sendenhorst.de\/wp-content\/uploads\/2025\/10\/DSC_5308-rotated.jpeg 851w\" sizes=\"auto, (max-width: 681px) 100vw, 681px\" \/><\/figure>\n<\/div>\n<\/div>\n\n\n\n<p><strong>Apfelfest 2025<\/strong>:<br>Das Apfelfest ist am 27. September 2025, Start 14Uhr Hof Schmetkamp.<br>Viele der beliebten Anbieter aus den letzten Jahren sind wieder dabei. Lasst Euch \u00fcberraschen!<\/p>\n\n\n\n<figure class=\"wp-block-image size-large\"><img loading=\"lazy\" decoding=\"async\" width=\"724\" height=\"1024\" src=\"https:\/\/nfg-sendenhorst.de\/wp-content\/uploads\/2025\/08\/Apfelfestplakat-1-724x1024.jpg\" alt=\"\" class=\"wp-image-2458\" srcset=\"https:\/\/nfg-sendenhorst.de\/wp-content\/uploads\/2025\/08\/Apfelfestplakat-1-724x1024.jpg 724w, https:\/\/nfg-sendenhorst.de\/wp-content\/uploads\/2025\/08\/Apfelfestplakat-1-212x300.jpg 212w, https:\/\/nfg-sendenhorst.de\/wp-content\/uploads\/2025\/08\/Apfelfestplakat-1-768x1086.jpg 768w, https:\/\/nfg-sendenhorst.de\/wp-content\/uploads\/2025\/08\/Apfelfestplakat-1.jpg 1080w\" sizes=\"auto, (max-width: 724px) 100vw, 724px\" \/><\/figure>\n\n\n\n<p><br><br><strong>Apfelfest 2024<\/strong><br>Das Apfelfest findet am 28. September 2024 ab 14 Uhr auf dem Gel\u00e4nde <br>&#8222;Hof Schmetkamp&#8220; statt. Die Vorbereitungen sind schon l\u00e4nger in Gang. Viele Kooperationspartner sind wieder dabei.<br>Die Familien k\u00f6nnen sich freuen auf frisch gepressten Apfelsaft, hausgemachten Kuchen des DRK und der Johannesbr\u00fcder und Apfelpfannekuchen des Heimatvereins. Mit dabei sind auch wieder <br>Herr Hartmann mit seinen Holzarbeiten,<br>die Rollende Waldschule der Kreisj\u00e4gerschaft,<br>die ASB Hundestaffel,<br>die Schutzgemeinschaft Deutscher Wald (SDW), <br>Spiel- und Besch\u00e4ftigungsm\u00f6glichkeiten f\u00fcr Kinder, etc.<\/p>\n\n\n\n<p>Zum ersten Mal vertreten sind<br>die <strong>Abfallwirtschaftsgemeinschaft (AWG)<\/strong> mit dem Umweltbildungsmobil und <br><strong>Sabrina  Vanefeld<\/strong>, die f\u00fcr Kinder ab 12 Jahren &#8222;<strong>Bogenschie\u00dfen<\/strong>&#8220; anbietet.<br><br>Der Vorstand der NFG freut sich \u00fcber viele Besucher!<\/p>\n\n\n\n<figure class=\"wp-block-image size-large\"><img loading=\"lazy\" decoding=\"async\" width=\"1024\" height=\"768\" src=\"https:\/\/nfg-sendenhorst.de\/wp-content\/uploads\/2024\/09\/IMG-20240925-WA0000-1024x768.jpg\" alt=\"\" class=\"wp-image-2220\" srcset=\"https:\/\/nfg-sendenhorst.de\/wp-content\/uploads\/2024\/09\/IMG-20240925-WA0000-1024x768.jpg 1024w, https:\/\/nfg-sendenhorst.de\/wp-content\/uploads\/2024\/09\/IMG-20240925-WA0000-300x225.jpg 300w, https:\/\/nfg-sendenhorst.de\/wp-content\/uploads\/2024\/09\/IMG-20240925-WA0000-768x576.jpg 768w, https:\/\/nfg-sendenhorst.de\/wp-content\/uploads\/2024\/09\/IMG-20240925-WA0000-1536x1152.jpg 1536w, https:\/\/nfg-sendenhorst.de\/wp-content\/uploads\/2024\/09\/IMG-20240925-WA0000.jpg 2000w\" sizes=\"auto, (max-width: 706px) 89vw, (max-width: 767px) 82vw, 740px\" \/><\/figure>\n\n\n\n<p><strong>Apfelfest 2023<\/strong><\/p>\n\n\n\n<p>Das Fest im September 2023 war ein voller Erfolg. Bei gutem Wetter kamen viele Besucher. So haben zum Bespiel ca. 200 Personen ihre Stimme f\u00fcr ihr Lieblingsfoto abgegeben. Der Vorstand bedankt sich sehr herzlich bei den vielen Akteuren und unterst\u00fctzenden Personen.<\/p>\n\n\n\n<p>Der Artikel in der WN vom 2.10.2023 beschreibt sehr sch\u00f6n die Atmosphere auf dem Fest. Dankesch\u00f6n an Dirk Vollenkemper<\/p>\n\n\n\n<figure class=\"wp-block-image size-full\"><img loading=\"lazy\" decoding=\"async\" width=\"610\" height=\"939\" src=\"https:\/\/nfg-sendenhorst.de\/wp-content\/uploads\/2023\/10\/image.png\" alt=\"\" class=\"wp-image-1762\" srcset=\"https:\/\/nfg-sendenhorst.de\/wp-content\/uploads\/2023\/10\/image.png 610w, https:\/\/nfg-sendenhorst.de\/wp-content\/uploads\/2023\/10\/image-195x300.png 195w\" sizes=\"auto, (max-width: 610px) 100vw, 610px\" \/><\/figure>\n\n\n\n<p>Hier ein paar weitere Impressionen, bitte Geduld f\u00fcr das Hochladen der Fotos<\/p>\n\n\n\n<div class=\"wp-block-columns is-layout-flex wp-container-core-columns-is-layout-28f84493 wp-block-columns-is-layout-flex\">\n<div class=\"wp-block-column is-layout-flow wp-block-column-is-layout-flow\" style=\"flex-basis:100%\">\n<figure class=\"wp-block-gallery has-nested-images columns-default is-cropped wp-block-gallery-1 is-layout-flex wp-block-gallery-is-layout-flex\">\n<figure class=\"wp-block-image size-large\"><img loading=\"lazy\" decoding=\"async\" width=\"1024\" height=\"576\" data-id=\"1764\" src=\"https:\/\/nfg-sendenhorst.de\/wp-content\/uploads\/2023\/10\/IMG-20231001-WA0002-1024x576.jpg\" alt=\"\" class=\"wp-image-1764\" srcset=\"https:\/\/nfg-sendenhorst.de\/wp-content\/uploads\/2023\/10\/IMG-20231001-WA0002-1024x576.jpg 1024w, https:\/\/nfg-sendenhorst.de\/wp-content\/uploads\/2023\/10\/IMG-20231001-WA0002-300x169.jpg 300w, https:\/\/nfg-sendenhorst.de\/wp-content\/uploads\/2023\/10\/IMG-20231001-WA0002-768x432.jpg 768w, https:\/\/nfg-sendenhorst.de\/wp-content\/uploads\/2023\/10\/IMG-20231001-WA0002-1536x864.jpg 1536w, https:\/\/nfg-sendenhorst.de\/wp-content\/uploads\/2023\/10\/IMG-20231001-WA0002.jpg 2048w\" sizes=\"auto, (max-width: 706px) 89vw, (max-width: 767px) 82vw, 740px\" \/><\/figure>\n<\/figure>\n<\/div>\n<\/div>\n\n\n\n<figure class=\"wp-block-image size-large is-resized\"><img loading=\"lazy\" decoding=\"async\" width=\"1024\" height=\"576\" src=\"https:\/\/nfg-sendenhorst.de\/wp-content\/uploads\/2023\/10\/IMG-20231001-WA0003-1024x576.jpg\" alt=\"\" class=\"wp-image-1765\" style=\"width:674px;height:379px\" srcset=\"https:\/\/nfg-sendenhorst.de\/wp-content\/uploads\/2023\/10\/IMG-20231001-WA0003-1024x576.jpg 1024w, https:\/\/nfg-sendenhorst.de\/wp-content\/uploads\/2023\/10\/IMG-20231001-WA0003-300x169.jpg 300w, https:\/\/nfg-sendenhorst.de\/wp-content\/uploads\/2023\/10\/IMG-20231001-WA0003-768x432.jpg 768w, https:\/\/nfg-sendenhorst.de\/wp-content\/uploads\/2023\/10\/IMG-20231001-WA0003-1536x864.jpg 1536w, https:\/\/nfg-sendenhorst.de\/wp-content\/uploads\/2023\/10\/IMG-20231001-WA0003.jpg 2048w\" sizes=\"auto, (max-width: 706px) 89vw, (max-width: 767px) 82vw, 740px\" \/><\/figure>\n\n\n\n<figure class=\"wp-block-image size-large\"><img loading=\"lazy\" decoding=\"async\" width=\"1024\" height=\"461\" src=\"https:\/\/nfg-sendenhorst.de\/wp-content\/uploads\/2023\/10\/IMG-20231001-WA0010-1024x461.jpg\" alt=\"\" class=\"wp-image-1767\" srcset=\"https:\/\/nfg-sendenhorst.de\/wp-content\/uploads\/2023\/10\/IMG-20231001-WA0010-1024x461.jpg 1024w, https:\/\/nfg-sendenhorst.de\/wp-content\/uploads\/2023\/10\/IMG-20231001-WA0010-300x135.jpg 300w, https:\/\/nfg-sendenhorst.de\/wp-content\/uploads\/2023\/10\/IMG-20231001-WA0010-768x346.jpg 768w, https:\/\/nfg-sendenhorst.de\/wp-content\/uploads\/2023\/10\/IMG-20231001-WA0010-1536x692.jpg 1536w, https:\/\/nfg-sendenhorst.de\/wp-content\/uploads\/2023\/10\/IMG-20231001-WA0010.jpg 2016w\" sizes=\"auto, (max-width: 706px) 89vw, (max-width: 767px) 82vw, 740px\" \/><\/figure>\n\n\n\n<figure class=\"wp-block-image size-large\"><img loading=\"lazy\" decoding=\"async\" width=\"1024\" height=\"461\" src=\"https:\/\/nfg-sendenhorst.de\/wp-content\/uploads\/2023\/10\/IMG-20231001-WA0006-1024x461.jpg\" alt=\"\" class=\"wp-image-1766\" srcset=\"https:\/\/nfg-sendenhorst.de\/wp-content\/uploads\/2023\/10\/IMG-20231001-WA0006-1024x461.jpg 1024w, https:\/\/nfg-sendenhorst.de\/wp-content\/uploads\/2023\/10\/IMG-20231001-WA0006-300x135.jpg 300w, https:\/\/nfg-sendenhorst.de\/wp-content\/uploads\/2023\/10\/IMG-20231001-WA0006-768x346.jpg 768w, https:\/\/nfg-sendenhorst.de\/wp-content\/uploads\/2023\/10\/IMG-20231001-WA0006.jpg 1280w\" sizes=\"auto, (max-width: 706px) 89vw, (max-width: 767px) 82vw, 740px\" \/><\/figure>\n\n\n\n<p><\/p>\n\n\n\n<p><strong>Vorschau 2023<\/strong><\/p>\n\n\n\n<p>Das n\u00e4chste Apfelfest findet am 30. September 2023 auf dem Gel\u00e4nde am &#8222;Hof Schmetkamp&#8220; statt.<\/p>\n\n\n\n<p>Alles dreht sich um den Apfel. Wir freuen uns auf folgende Programmpunkte:<\/p>\n\n\n\n<ul class=\"wp-block-list\">\n<li>Probiertheke mit zahlreichen Apfelsorten<\/li>\n\n\n\n<li>Kaffee und Kuchen und viele andere Leckereien<\/li>\n\n\n\n<li>Honig direkt vom Imker<\/li>\n\n\n\n<li>Frischer Apfelsaft aus der Apfelpresse<\/li>\n\n\n\n<li>leckere Pfannkuchen, gebacken vom Heimatverein<\/li>\n\n\n\n<li>Dekoartikel aus Holz, erstellt von Bernhard Hartmann<\/li>\n\n\n\n<li>buntes Kinderprogramm<\/li>\n<\/ul>\n\n\n\n<p>F\u00fcr die musikalische Unterhaltung m\u00fcssen die BesucherInnen dieses Jahr selbst t\u00e4tig werden. Es darf ab 16 Uhr bei Gitarrenbegleitung gemeinsam gesunden werden!<\/p>\n\n\n\n<p>Als besondere Highlights warten in diesem Jahr auf Sie:<\/p>\n\n\n\n<ul class=\"wp-block-list\">\n<li>Filzen<\/li>\n\n\n\n<li>Geocaching, organsiert vom Familienzentrum (Start: 16:30 Uhr)<\/li>\n\n\n\n<li>Ein Fotowettbewerb<\/li>\n<\/ul>\n\n\n\n<p>Mit Letzterem handelt es sich um einen besonders attraktiven Punkt. Es werden ausgew\u00e4hlte Fotos ausgestellt, die bei dem Fotowettbewerb der NFG mit dem Heimatverein eingereicht wurden. Die Besucher k\u00f6nnen abstimmen, welches Foto ihnen am besten gef\u00e4llt. Die drei beliebtesten Motive erhalten einen Preis. Weitere Fotos sollen f\u00fcr den NaturLand Kalender verwendet werden.<br><br>&#8230; weitere Programmpunkte folgen. Wir halten Sie hier auf dem Laufenden.<\/p>\n\n\n\n<p>M\u00f6chten auch Sie sich mit einem Angebot auf dem Apfelfest pr\u00e4sentieren, wenden Sie sich gerne per Mail an: <a href=\"mailto:edith.harig@nfg-sendenhorst.de\">Edith Harig<\/a><\/p>\n\n\n\n<h2 class=\"wp-block-heading\">Impressionen aus den vergangenen Jahren<\/h2>\n\n\n\n<div class=\"rl-gallery-container rl-loading\" id=\"rl-gallery-container-1\" data-gallery_id=\"1691\"> <div class=\"rl-gallery rl-basicgrid-gallery \" id=\"rl-gallery-1\" data-gallery_no=\"1\"> <div class=\"rl-gallery-item\"><a href=\"https:\/\/nfg-sendenhorst.de\/wp-content\/uploads\/2023\/08\/NFG-Apfelpresse-scaled.jpg\" title=\"\" data-rl_title=\"\" class=\"rl-gallery-link\" data-rl_caption=\"\" data-rel=\"lightbox-gallery-1\"><img loading=\"lazy\" decoding=\"async\" src=\"https:\/\/nfg-sendenhorst.de\/wp-content\/uploads\/2023\/08\/NFG-Apfelpresse-300x199.jpg\" width=\"300\" height=\"199\" alt=\"\" \/><\/a><\/div><div class=\"rl-gallery-item\"><a href=\"https:\/\/nfg-sendenhorst.de\/wp-content\/uploads\/2023\/08\/1-Begruessung-scaled.jpg\" title=\"\" data-rl_title=\"\" class=\"rl-gallery-link\" data-rl_caption=\"\" data-rel=\"lightbox-gallery-1\"><img loading=\"lazy\" decoding=\"async\" src=\"https:\/\/nfg-sendenhorst.de\/wp-content\/uploads\/2023\/08\/1-Begruessung-300x199.jpg\" width=\"300\" height=\"199\" alt=\"\" \/><\/a><\/div><div class=\"rl-gallery-item\"><a href=\"https:\/\/nfg-sendenhorst.de\/wp-content\/uploads\/2023\/08\/rollende-Waldschule-scaled.jpg\" title=\"\" data-rl_title=\"\" class=\"rl-gallery-link\" data-rl_caption=\"\" data-rel=\"lightbox-gallery-1\"><img loading=\"lazy\" decoding=\"async\" src=\"https:\/\/nfg-sendenhorst.de\/wp-content\/uploads\/2023\/08\/rollende-Waldschule-300x199.jpg\" width=\"300\" height=\"199\" alt=\"\" \/><\/a><\/div><div class=\"rl-gallery-item\"><a href=\"https:\/\/nfg-sendenhorst.de\/wp-content\/uploads\/2023\/08\/NFG-und-Stadtverwaltung-scaled.jpg\" title=\"\" data-rl_title=\"\" class=\"rl-gallery-link\" data-rl_caption=\"\" data-rel=\"lightbox-gallery-1\"><img loading=\"lazy\" decoding=\"async\" src=\"https:\/\/nfg-sendenhorst.de\/wp-content\/uploads\/2023\/08\/NFG-und-Stadtverwaltung-300x199.jpg\" width=\"300\" height=\"199\" alt=\"\" \/><\/a><\/div><div class=\"rl-gallery-item\"><a href=\"https:\/\/nfg-sendenhorst.de\/wp-content\/uploads\/2023\/08\/NFG-Nisthilfe-scaled.jpg\" title=\"\" data-rl_title=\"\" class=\"rl-gallery-link\" data-rl_caption=\"\" data-rel=\"lightbox-gallery-1\"><img loading=\"lazy\" decoding=\"async\" src=\"https:\/\/nfg-sendenhorst.de\/wp-content\/uploads\/2023\/08\/NFG-Nisthilfe-300x199.jpg\" width=\"300\" height=\"199\" alt=\"\" \/><\/a><\/div><div class=\"rl-gallery-item\"><a href=\"https:\/\/nfg-sendenhorst.de\/wp-content\/uploads\/2023\/08\/NFG-Futterketten-scaled.jpg\" title=\"\" data-rl_title=\"\" class=\"rl-gallery-link\" data-rl_caption=\"\" data-rel=\"lightbox-gallery-1\"><img loading=\"lazy\" decoding=\"async\" src=\"https:\/\/nfg-sendenhorst.de\/wp-content\/uploads\/2023\/08\/NFG-Futterketten-300x199.jpg\" width=\"300\" height=\"199\" alt=\"\" \/><\/a><\/div><div class=\"rl-gallery-item\"><a href=\"https:\/\/nfg-sendenhorst.de\/wp-content\/uploads\/2023\/08\/NFG-Aepfelprobiertheke-scaled.jpg\" title=\"\" data-rl_title=\"\" class=\"rl-gallery-link\" data-rl_caption=\"\" data-rel=\"lightbox-gallery-1\"><img loading=\"lazy\" decoding=\"async\" src=\"https:\/\/nfg-sendenhorst.de\/wp-content\/uploads\/2023\/08\/NFG-Aepfelprobiertheke-300x199.jpg\" width=\"300\" height=\"199\" alt=\"\" \/><\/a><\/div><div class=\"rl-gallery-item\"><a href=\"https:\/\/nfg-sendenhorst.de\/wp-content\/uploads\/2023\/08\/NABU-Samenkugeln-scaled.jpg\" title=\"\" data-rl_title=\"\" class=\"rl-gallery-link\" data-rl_caption=\"\" data-rel=\"lightbox-gallery-1\"><img loading=\"lazy\" decoding=\"async\" src=\"https:\/\/nfg-sendenhorst.de\/wp-content\/uploads\/2023\/08\/NABU-Samenkugeln-300x199.jpg\" width=\"300\" height=\"199\" alt=\"\" \/><\/a><\/div><div class=\"rl-gallery-item\"><a href=\"https:\/\/nfg-sendenhorst.de\/wp-content\/uploads\/2023\/08\/NABU-Infostand-scaled.jpg\" title=\"\" data-rl_title=\"\" class=\"rl-gallery-link\" data-rl_caption=\"\" data-rel=\"lightbox-gallery-1\"><img loading=\"lazy\" decoding=\"async\" src=\"https:\/\/nfg-sendenhorst.de\/wp-content\/uploads\/2023\/08\/NABU-Infostand-300x199.jpg\" width=\"300\" height=\"199\" alt=\"\" \/><\/a><\/div><div class=\"rl-gallery-item\"><a href=\"https:\/\/nfg-sendenhorst.de\/wp-content\/uploads\/2023\/08\/Landfrauen-scaled.jpg\" title=\"\" data-rl_title=\"\" class=\"rl-gallery-link\" data-rl_caption=\"\" data-rel=\"lightbox-gallery-1\"><img loading=\"lazy\" decoding=\"async\" src=\"https:\/\/nfg-sendenhorst.de\/wp-content\/uploads\/2023\/08\/Landfrauen-300x199.jpg\" width=\"300\" height=\"199\" alt=\"\" \/><\/a><\/div><div class=\"rl-gallery-item\"><a href=\"https:\/\/nfg-sendenhorst.de\/wp-content\/uploads\/2023\/08\/IMG-20220924-WA0024.jpg\" title=\"\" data-rl_title=\"\" class=\"rl-gallery-link\" data-rl_caption=\"\" data-rel=\"lightbox-gallery-1\"><img loading=\"lazy\" decoding=\"async\" src=\"https:\/\/nfg-sendenhorst.de\/wp-content\/uploads\/2023\/08\/IMG-20220924-WA0024-300x194.jpg\" width=\"300\" height=\"194\" alt=\"\" \/><\/a><\/div><div class=\"rl-gallery-item\"><a href=\"https:\/\/nfg-sendenhorst.de\/wp-content\/uploads\/2023\/08\/IMG-20220924-WA0023.jpg\" title=\"\" data-rl_title=\"\" class=\"rl-gallery-link\" data-rl_caption=\"\" data-rel=\"lightbox-gallery-1\"><img loading=\"lazy\" decoding=\"async\" src=\"https:\/\/nfg-sendenhorst.de\/wp-content\/uploads\/2023\/08\/IMG-20220924-WA0023-300x193.jpg\" width=\"300\" height=\"193\" alt=\"\" \/><\/a><\/div><div class=\"rl-gallery-item\"><a href=\"https:\/\/nfg-sendenhorst.de\/wp-content\/uploads\/2023\/08\/IMG-20220924-WA0015.jpg\" title=\"\" data-rl_title=\"\" class=\"rl-gallery-link\" data-rl_caption=\"\" data-rel=\"lightbox-gallery-1\"><img loading=\"lazy\" decoding=\"async\" src=\"https:\/\/nfg-sendenhorst.de\/wp-content\/uploads\/2023\/08\/IMG-20220924-WA0015-300x169.jpg\" width=\"300\" height=\"169\" alt=\"\" \/><\/a><\/div><div class=\"rl-gallery-item\"><a href=\"https:\/\/nfg-sendenhorst.de\/wp-content\/uploads\/2023\/08\/IMG-20220924-WA0011.jpg\" title=\"\" data-rl_title=\"\" class=\"rl-gallery-link\" data-rl_caption=\"\" data-rel=\"lightbox-gallery-1\"><img loading=\"lazy\" decoding=\"async\" src=\"https:\/\/nfg-sendenhorst.de\/wp-content\/uploads\/2023\/08\/IMG-20220924-WA0011-300x169.jpg\" width=\"300\" height=\"169\" alt=\"\" \/><\/a><\/div><div class=\"rl-gallery-item\"><a href=\"https:\/\/nfg-sendenhorst.de\/wp-content\/uploads\/2023\/08\/IMG-20220924-WA0007.jpg\" title=\"\" data-rl_title=\"\" class=\"rl-gallery-link\" data-rl_caption=\"\" data-rel=\"lightbox-gallery-1\"><img loading=\"lazy\" decoding=\"async\" src=\"https:\/\/nfg-sendenhorst.de\/wp-content\/uploads\/2023\/08\/IMG-20220924-WA0007-300x190.jpg\" width=\"300\" height=\"190\" alt=\"\" \/><\/a><\/div><div class=\"rl-gallery-item\"><a href=\"https:\/\/nfg-sendenhorst.de\/wp-content\/uploads\/2023\/08\/IMG-20220924-WA0000-1.jpg\" title=\"\" data-rl_title=\"\" class=\"rl-gallery-link\" data-rl_caption=\"\" data-rel=\"lightbox-gallery-1\"><img loading=\"lazy\" decoding=\"async\" src=\"https:\/\/nfg-sendenhorst.de\/wp-content\/uploads\/2023\/08\/IMG-20220924-WA0000-1-300x169.jpg\" width=\"300\" height=\"169\" alt=\"\" \/><\/a><\/div><div class=\"rl-gallery-item\"><a href=\"https:\/\/nfg-sendenhorst.de\/wp-content\/uploads\/2023\/08\/IMG-20220917-WA0010.jpg\" title=\"\" data-rl_title=\"\" class=\"rl-gallery-link\" data-rl_caption=\"\" data-rel=\"lightbox-gallery-1\"><img loading=\"lazy\" decoding=\"async\" src=\"https:\/\/nfg-sendenhorst.de\/wp-content\/uploads\/2023\/08\/IMG-20220917-WA0010-300x169.jpg\" width=\"300\" height=\"169\" alt=\"\" \/><\/a><\/div><div class=\"rl-gallery-item\"><a href=\"https:\/\/nfg-sendenhorst.de\/wp-content\/uploads\/2023\/08\/Honig-scaled.jpg\" title=\"\" data-rl_title=\"\" class=\"rl-gallery-link\" data-rl_caption=\"\" data-rel=\"lightbox-gallery-1\"><img loading=\"lazy\" decoding=\"async\" src=\"https:\/\/nfg-sendenhorst.de\/wp-content\/uploads\/2023\/08\/Honig-300x199.jpg\" width=\"300\" height=\"199\" alt=\"\" \/><\/a><\/div><div class=\"rl-gallery-item\"><a href=\"https:\/\/nfg-sendenhorst.de\/wp-content\/uploads\/2023\/08\/Holz-Hartmann-scaled.jpg\" title=\"\" data-rl_title=\"\" class=\"rl-gallery-link\" data-rl_caption=\"\" data-rel=\"lightbox-gallery-1\"><img loading=\"lazy\" decoding=\"async\" src=\"https:\/\/nfg-sendenhorst.de\/wp-content\/uploads\/2023\/08\/Holz-Hartmann-300x199.jpg\" width=\"300\" height=\"199\" alt=\"\" \/><\/a><\/div><div class=\"rl-gallery-item\"><a href=\"https:\/\/nfg-sendenhorst.de\/wp-content\/uploads\/2023\/08\/Heimatverein2-scaled.jpg\" title=\"\" data-rl_title=\"\" class=\"rl-gallery-link\" data-rl_caption=\"\" data-rel=\"lightbox-gallery-1\"><img loading=\"lazy\" decoding=\"async\" src=\"https:\/\/nfg-sendenhorst.de\/wp-content\/uploads\/2023\/08\/Heimatverein2-300x199.jpg\" width=\"300\" height=\"199\" alt=\"\" \/><\/a><\/div><div class=\"rl-gallery-item\"><a href=\"https:\/\/nfg-sendenhorst.de\/wp-content\/uploads\/2023\/08\/ASB-Hundestaffel-scaled.jpg\" title=\"\" data-rl_title=\"\" class=\"rl-gallery-link\" data-rl_caption=\"\" data-rel=\"lightbox-gallery-1\"><img loading=\"lazy\" decoding=\"async\" src=\"https:\/\/nfg-sendenhorst.de\/wp-content\/uploads\/2023\/08\/ASB-Hundestaffel-300x199.jpg\" width=\"300\" height=\"199\" alt=\"\" \/><\/a><\/div><div class=\"rl-gallery-item\"><a href=\"https:\/\/nfg-sendenhorst.de\/wp-content\/uploads\/2023\/08\/Cafe-DRK-Johannisbrueder-scaled.jpg\" title=\"\" data-rl_title=\"\" class=\"rl-gallery-link\" data-rl_caption=\"\" data-rel=\"lightbox-gallery-1\"><img loading=\"lazy\" decoding=\"async\" src=\"https:\/\/nfg-sendenhorst.de\/wp-content\/uploads\/2023\/08\/Cafe-DRK-Johannisbrueder-300x199.jpg\" width=\"300\" height=\"199\" alt=\"\" \/><\/a><\/div><div class=\"rl-gallery-item\"><a href=\"https:\/\/nfg-sendenhorst.de\/wp-content\/uploads\/2023\/08\/DSC_0286-scaled.jpg\" title=\"\" data-rl_title=\"\" class=\"rl-gallery-link\" data-rl_caption=\"\" data-rel=\"lightbox-gallery-1\"><img loading=\"lazy\" decoding=\"async\" src=\"https:\/\/nfg-sendenhorst.de\/wp-content\/uploads\/2023\/08\/DSC_0286-300x199.jpg\" width=\"300\" height=\"199\" alt=\"\" \/><\/a><\/div><div class=\"rl-gallery-item\"><a href=\"https:\/\/nfg-sendenhorst.de\/wp-content\/uploads\/2023\/08\/DSC_0287-scaled.jpg\" title=\"\" data-rl_title=\"\" class=\"rl-gallery-link\" data-rl_caption=\"\" data-rel=\"lightbox-gallery-1\"><img loading=\"lazy\" decoding=\"async\" src=\"https:\/\/nfg-sendenhorst.de\/wp-content\/uploads\/2023\/08\/DSC_0287-300x199.jpg\" width=\"300\" height=\"199\" alt=\"\" \/><\/a><\/div><div class=\"rl-gallery-item\"><a href=\"https:\/\/nfg-sendenhorst.de\/wp-content\/uploads\/2023\/08\/Eine-Welt-scaled.jpg\" title=\"\" data-rl_title=\"\" class=\"rl-gallery-link\" data-rl_caption=\"\" data-rel=\"lightbox-gallery-1\"><img loading=\"lazy\" decoding=\"async\" src=\"https:\/\/nfg-sendenhorst.de\/wp-content\/uploads\/2023\/08\/Eine-Welt-300x199.jpg\" width=\"300\" height=\"199\" alt=\"\" \/><\/a><\/div><div class=\"rl-gallery-item\"><a href=\"https:\/\/nfg-sendenhorst.de\/wp-content\/uploads\/2023\/08\/Eine-Weltladen-Ahlen_resized_20210816_103937164-scaled.jpg\" title=\"\" data-rl_title=\"\" class=\"rl-gallery-link\" data-rl_caption=\"\" data-rel=\"lightbox-gallery-1\"><img loading=\"lazy\" decoding=\"async\" src=\"https:\/\/nfg-sendenhorst.de\/wp-content\/uploads\/2023\/08\/Eine-Weltladen-Ahlen_resized_20210816_103937164-300x198.jpg\" width=\"300\" height=\"198\" alt=\"\" \/><\/a><\/div><div class=\"rl-gallery-item\"><a href=\"https:\/\/nfg-sendenhorst.de\/wp-content\/uploads\/2023\/08\/Feuerwehrkapelle-scaled.jpg\" title=\"\" data-rl_title=\"\" class=\"rl-gallery-link\" data-rl_caption=\"\" data-rel=\"lightbox-gallery-1\"><img loading=\"lazy\" decoding=\"async\" src=\"https:\/\/nfg-sendenhorst.de\/wp-content\/uploads\/2023\/08\/Feuerwehrkapelle-300x199.jpg\" width=\"300\" height=\"199\" alt=\"\" \/><\/a><\/div><div class=\"rl-gallery-item\"><a href=\"https:\/\/nfg-sendenhorst.de\/wp-content\/uploads\/2023\/08\/Heimatverein-scaled.jpg\" title=\"\" data-rl_title=\"\" class=\"rl-gallery-link\" data-rl_caption=\"\" data-rel=\"lightbox-gallery-1\"><img loading=\"lazy\" decoding=\"async\" src=\"https:\/\/nfg-sendenhorst.de\/wp-content\/uploads\/2023\/08\/Heimatverein-300x199.jpg\" width=\"300\" height=\"199\" alt=\"\" \/><\/a><\/div><div class=\"rl-gallery-item\"><a href=\"https:\/\/nfg-sendenhorst.de\/wp-content\/uploads\/2023\/08\/20220924_155742-scaled.jpg\" title=\"\" data-rl_title=\"\" class=\"rl-gallery-link\" data-rl_caption=\"\" data-rel=\"lightbox-gallery-1\"><img loading=\"lazy\" decoding=\"async\" src=\"https:\/\/nfg-sendenhorst.de\/wp-content\/uploads\/2023\/08\/20220924_155742-138x300.jpg\" width=\"138\" height=\"300\" alt=\"\" \/><\/a><\/div><div class=\"rl-gallery-item\"><a href=\"https:\/\/nfg-sendenhorst.de\/wp-content\/uploads\/2023\/08\/20220924_160319-1.jpg\" title=\"\" data-rl_title=\"\" class=\"rl-gallery-link\" data-rl_caption=\"\" data-rel=\"lightbox-gallery-1\"><img loading=\"lazy\" decoding=\"async\" src=\"https:\/\/nfg-sendenhorst.de\/wp-content\/uploads\/2023\/08\/20220924_160319-1-144x300.jpg\" width=\"144\" height=\"300\" alt=\"\" \/><\/a><\/div><div class=\"rl-gallery-item\"><a href=\"https:\/\/nfg-sendenhorst.de\/wp-content\/uploads\/2023\/08\/DSC_0298-scaled.jpg\" title=\"\" data-rl_title=\"\" class=\"rl-gallery-link\" data-rl_caption=\"\" data-rel=\"lightbox-gallery-1\"><img loading=\"lazy\" decoding=\"async\" src=\"https:\/\/nfg-sendenhorst.de\/wp-content\/uploads\/2023\/08\/DSC_0298-199x300.jpg\" width=\"199\" height=\"300\" alt=\"\" \/><\/a><\/div><div class=\"rl-gallery-item\"><a href=\"https:\/\/nfg-sendenhorst.de\/wp-content\/uploads\/2023\/08\/DSC_0275-scaled.jpg\" title=\"\" data-rl_title=\"\" class=\"rl-gallery-link\" data-rl_caption=\"\" data-rel=\"lightbox-gallery-1\"><img loading=\"lazy\" decoding=\"async\" src=\"https:\/\/nfg-sendenhorst.de\/wp-content\/uploads\/2023\/08\/DSC_0275-199x300.jpg\" width=\"199\" height=\"300\" alt=\"\" \/><\/a><\/div> <\/div> <\/div>\n","protected":false},"excerpt":{"rendered":"<p>Apfelfest 2026 findet am 26. September 2026 statt Apfelfest 2025 Es war wunderbar, sogar das Wetter hatte mitgespielt! Apfelfest 2025:Das Apfelfest ist am 27. September 2025, Start 14Uhr Hof Schmetkamp.Viele der beliebten Anbieter aus den letzten Jahren sind wieder dabei. Lasst Euch \u00fcberraschen! Apfelfest 2024Das Apfelfest findet am 28. September 2024 ab 14 Uhr auf &hellip; <\/p>\n<p class=\"link-more\"><a href=\"https:\/\/nfg-sendenhorst.de\/?page_id=1680\" class=\"more-link\"><span class=\"screen-reader-text\">\u201eApfelfeste\u201c <\/span>weiterlesen<\/a><\/p>\n","protected":false},"author":2,"featured_media":0,"parent":0,"menu_order":0,"comment_status":"closed","ping_status":"closed","template":"","meta":{"footnotes":""},"class_list":["post-1680","page","type-page","status-publish","hentry"],"_links":{"self":[{"href":"https:\/\/nfg-sendenhorst.de\/index.php?rest_route=\/wp\/v2\/pages\/1680","targetHints":{"allow":["GET"]}}],"collection":[{"href":"https:\/\/nfg-sendenhorst.de\/index.php?rest_route=\/wp\/v2\/pages"}],"about":[{"href":"https:\/\/nfg-sendenhorst.de\/index.php?rest_route=\/wp\/v2\/types\/page"}],"author":[{"embeddable":true,"href":"https:\/\/nfg-sendenhorst.de\/index.php?rest_route=\/wp\/v2\/users\/2"}],"replies":[{"embeddable":true,"href":"https:\/\/nfg-sendenhorst.de\/index.php?rest_route=%2Fwp%2Fv2%2Fcomments&post=1680"}],"version-history":[{"count":0,"href":"https:\/\/nfg-sendenhorst.de\/index.php?rest_route=\/wp\/v2\/pages\/1680\/revisions"}],"wp:attachment":[{"href":"https:\/\/nfg-sendenhorst.de\/index.php?rest_route=%2Fwp%2Fv2%2Fmedia&parent=1680"}],"curies":[{"name":"wp","href":"https:\/\/api.w.org\/{rel}","templated":true}]}}